{"id":2761,"date":"2021-05-21T08:30:41","date_gmt":"2021-05-21T13:30:41","guid":{"rendered":"http:\/\/undecim.com.co\/?page_id=2761"},"modified":"2021-05-21T08:30:41","modified_gmt":"2021-05-21T13:30:41","slug":"design-consultancy","status":"publish","type":"page","link":"https:\/\/dinomagroup.com\/index.php\/dinoma-home\/design-consultancy\/","title":{"rendered":"DINOMA-Design Consultancy"},"content":{"rendered":"<p><a href=\"http:\/\/undecim.com.co\/dinoma-home\/\"><br \/>\n\t\t\t\t\t\t\t<img decoding=\"async\" width=\"300\" height=\"159\" src=\"http:\/\/undecim.com.co\/wp-content\/uploads\/2021\/10\/Dinoma-Logo-V3-300x159.png\" alt=\"\" loading=\"lazy\" srcset=\"https:\/\/undecim.com.co\/wp-content\/uploads\/2021\/10\/Dinoma-Logo-V3-300x159.png 300w, https:\/\/undecim.com.co\/wp-content\/uploads\/2021\/10\/Dinoma-Logo-V3.png 616w\" sizes=\"auto, (max-width: 300px) 100vw, 300px\" \/>\t\t\t\t\t\t\t\t<\/a><\/p>\n<nav data-toggle-icon=\"&lt;i aria-hidden=&quot;true&quot; tabindex=&quot;0&quot; class=&quot;fas fa-align-justify&quot;&gt;&lt;\/i&gt;\" data-close-icon=\"&lt;i aria-hidden=&quot;true&quot; tabindex=&quot;0&quot; class=&quot;far fa-window-close&quot;&gt;&lt;\/i&gt;\" data-full-width=\"yes\">\n<ul id=\"menu-1-091fe43\">\n<li id=\"menu-item-2783\"><a href=\"https:\/\/undecim.com.co\/dinoma-home\/circular-design\/\" class = \"hfe-menu-item\">Circular Design<\/a><\/li>\n<li id=\"menu-item-2782\"><a href=\"https:\/\/undecim.com.co\/dinoma-home\/advanced-product-design\/\" class = \"hfe-menu-item\">Advanced Product Design<\/a><\/li>\n<li id=\"menu-item-2784\"><a href=\"https:\/\/undecim.com.co\/dinoma-home\/design-consultancy\/\" class = \"hfe-menu-item\">Design Consultancy<\/a><\/li>\n<li id=\"menu-item-2786\"><a href=\"https:\/\/undecim.com.co\/dinoma-home\/design-research\/\" class = \"hfe-menu-item\">Design Research<\/a><\/li>\n<li id=\"menu-item-2785\"><a href=\"https:\/\/undecim.com.co\/dinoma-home\/design-education\/\" class = \"hfe-menu-item\">Design Education<\/a><\/li>\n<li id=\"menu-item-3628\"><a href=\"https:\/\/undecim.com.co\/dinoma-home\/dinoma-about\/\" class = \"hfe-menu-item\">About<\/a><\/li>\n<\/ul>\n<\/nav>\n<h2>Design Consultancy<\/h2>\n<h1>Delivering Innovation and Novelty Operating with Methodical Approach<\/h1>\n<p>\t\t\t<a href=\"https:\/\/undecim.com.co\/dinoma-home\/contact-form\/\"><br \/>\n\t\t\t\t\t\t<\/a><\/p>\n<h2>Get in touch<\/h2>\n<p>\t\t\t\t\t\t\t\t\t\t\t\t<img decoding=\"async\" width=\"1024\" height=\"689\" src=\"http:\/\/undecim.com.co\/wp-content\/uploads\/2021\/05\/Design-Consultancy-2-1024x689.png\" alt=\"\" loading=\"lazy\" srcset=\"https:\/\/undecim.com.co\/wp-content\/uploads\/2021\/05\/Design-Consultancy-2-1024x689.png 1024w, https:\/\/undecim.com.co\/wp-content\/uploads\/2021\/05\/Design-Consultancy-2-300x202.png 300w, https:\/\/undecim.com.co\/wp-content\/uploads\/2021\/05\/Design-Consultancy-2-768x517.png 768w, https:\/\/undecim.com.co\/wp-content\/uploads\/2021\/05\/Design-Consultancy-2-1536x1033.png 1536w, https:\/\/undecim.com.co\/wp-content\/uploads\/2021\/05\/Design-Consultancy-2-2048x1378.png 2048w\" sizes=\"auto, (max-width: 1024px) 100vw, 1024px\" \/>\t\t\t\t\t\t\t\t\t\t\t\t\t\t<\/p>\n<p>On this site, you will find different projects developed for specific needs and opportunities for clients who in turn became friends. Design Consultancy is an area where the project is developed addressing the specific interest of the person you are working for. In such an endeavor, what is important is that the client can grow its business with its particular schedules and budgets. It is a tailored work where design can provide different solutions at different points in time. Therefore the consultancy grows and maintains through the years.<\/p>\n<p>Design Consultancy at Dinoma combines the different skills and tools developed through the years, the capacity to construct different projects, and a mindset of how can a business be sustainable through time. The projects listed below are entrepreneurship where some clients still get in touch and ask for advice when the business grows.<\/p>\n<h2>Eboca<\/h2>\n<figure><img decoding=\"async\" src=\"http:\/\/undecim.com.co\/wp-content\/uploads\/2021\/06\/Diapositivas-eBoca-scaled-e1625934846460-768x577.jpg\" alt=\"Diapositivas eBoca\" \/><\/figure>\n<figure><img decoding=\"async\" src=\"http:\/\/undecim.com.co\/wp-content\/uploads\/2021\/06\/Screen-Shot-2015-08-20-at-1.50.07-a.m.-768x480.png\" alt=\"Screen Shot 2015-08-20 at 1.50.07 a.m.\" \/><\/figure>\n<figure><img decoding=\"async\" src=\"http:\/\/undecim.com.co\/wp-content\/uploads\/2021\/06\/Diapositivas-eBoca2-scaled-e1625934871380-768x572.jpg\" alt=\"Diapositivas eBoca2\" \/><\/figure>\n<figure><img decoding=\"async\" src=\"http:\/\/undecim.com.co\/wp-content\/uploads\/2021\/06\/Arte-eBoca-Para-Power-Point-768x572.jpg\" alt=\"Arte eBoca Para Power Point\" \/><\/figure>\n<figure><img decoding=\"async\" src=\"http:\/\/undecim.com.co\/wp-content\/uploads\/2021\/06\/Diapositivas-eBoca5-scaled-e1625934909526-768x578.jpg\" alt=\"Diapositivas eBoca5\" \/><\/figure>\n<figure><img decoding=\"async\" src=\"http:\/\/undecim.com.co\/wp-content\/uploads\/2021\/07\/Screen-Shot-2021-07-10-at-10.30.51-AM-768x567.png\" alt=\"Screen Shot 2021-07-10 at 10.30.51 AM\" \/><\/figure>\n<figure><img decoding=\"async\" src=\"http:\/\/undecim.com.co\/wp-content\/uploads\/2021\/07\/Screen-Shot-2021-07-10-at-10.31.31-AM-768x574.png\" alt=\"Screen Shot 2021-07-10 at 10.31.31 AM\" \/><\/figure>\n<p>\t\t\t\t\t\tPrevious<br \/>\n\t\t\t\t\t\tNext<\/p>\n<p>Eboca is a Regenerated Food Business aimed to bring high-quality food with no preservatives or additives of any kind, to your table at home. You can order from a varied and tasty menu a premium selection from our chef, dishes that can remain safely refrigerated over two months. The food will arrive at your place and with a simple technique developed by professional cooks; you will enjoy a gastronomic experience like no other.<\/p>\n<p>Eboca &#8211; regenerated food for delivery.<\/p>\n<h2>Cammarata Gioielli<\/h2>\n<figure><img decoding=\"async\" src=\"http:\/\/undecim.com.co\/wp-content\/uploads\/2021\/07\/Picture-4.png\" alt=\"Picture 4\" \/><\/figure>\n<figure><img decoding=\"async\" src=\"http:\/\/undecim.com.co\/wp-content\/uploads\/2021\/07\/Ball-People-Ring--scaled-e1625933365140-768x579.jpg\" alt=\"Ball People Ring\" \/><\/figure>\n<figure><img decoding=\"async\" src=\"http:\/\/undecim.com.co\/wp-content\/uploads\/2021\/07\/Ball-People-Pendant--scaled-e1625934701806-768x569.jpg\" alt=\"Ball People Pendant\" \/><\/figure>\n<figure><img decoding=\"async\" src=\"http:\/\/undecim.com.co\/wp-content\/uploads\/2021\/07\/Circle-Pillow-People-Pendant--scaled-e1625934770670-768x595.jpg\" alt=\"Circle Pillow People Pendant\" \/><\/figure>\n<figure><img decoding=\"async\" src=\"http:\/\/undecim.com.co\/wp-content\/uploads\/2021\/07\/people-cuff-001-768x576.jpg\" alt=\"people cuff 001\" \/><\/figure>\n<figure><img decoding=\"async\" src=\"http:\/\/undecim.com.co\/wp-content\/uploads\/2021\/07\/Invito_Fabio_Cammarata_2-768x541.jpg\" alt=\"Invito_Fabio_Cammarata_2\" \/><\/figure>\n<figure><img decoding=\"async\" src=\"http:\/\/undecim.com.co\/wp-content\/uploads\/2021\/07\/Invito_Fabio_Cammarata-768x546.jpg\" alt=\"Invito_Fabio_Cammarata\" \/><\/figure>\n<figure><img decoding=\"async\" src=\"http:\/\/undecim.com.co\/wp-content\/uploads\/2021\/07\/Screen-Shot-2021-07-10-at-11.06.28-AM-768x536.png\" alt=\"Screen Shot 2021-07-10 at 11.06.28 AM\" \/><\/figure>\n<p>\t\t\t\t\t\tPrevious<br \/>\n\t\t\t\t\t\tNext<\/p>\n<p>Fabio Cammarata, one of the most sensitive jewelry designers from Italy, starts a relationship with Dinoma on the early 2009. The idea was to develop a strategy to launch his &#8220;People&#8217;s Collection&#8221; for the Couture Show in Las Vegas. It began with a strategy concept that has been since then, the compass for the development of his professional and personal life.<\/p>\n<p>Fabio Cammarata. Lentate sul Seveso, Italy<\/p>\n<h2>Cosmetolog\u00eda y Est\u00e9tica<\/h2>\n<figure><img decoding=\"async\" src=\"http:\/\/undecim.com.co\/wp-content\/uploads\/2021\/07\/WhatsApp-Image-2021-07-10-at-12.03.44-4-768x608.jpeg\" alt=\"WhatsApp Image 2021-07-10 at 12.03.44 (4)\" \/><\/figure>\n<figure><img decoding=\"async\" src=\"http:\/\/undecim.com.co\/wp-content\/uploads\/2021\/06\/Cosmetologia2-768x576.jpg\" alt=\"Cosmetologia2\" \/><\/figure>\n<figure><img decoding=\"async\" src=\"http:\/\/undecim.com.co\/wp-content\/uploads\/2021\/07\/WhatsApp-Image-2021-07-10-at-12.03.44-3-e1625937588293-768x549.jpeg\" alt=\"WhatsApp Image 2021-07-10 at 12.03.44 (3)\" \/><\/figure>\n<figure><img decoding=\"async\" src=\"http:\/\/undecim.com.co\/wp-content\/uploads\/2021\/06\/Cosmetologia3-768x576.jpg\" alt=\"Cosmetologia3\" \/><\/figure>\n<figure><img decoding=\"async\" src=\"http:\/\/undecim.com.co\/wp-content\/uploads\/2021\/07\/WhatsApp-Image-2021-07-10-at-12.03.44-1-e1625937547751.jpeg\" alt=\"WhatsApp Image 2021-07-10 at 12.03.44 (1)\" \/><\/figure>\n<figure><img decoding=\"async\" src=\"http:\/\/undecim.com.co\/wp-content\/uploads\/2021\/07\/WhatsApp-Image-2021-07-10-at-12.03.44-2-768x641.jpeg\" alt=\"WhatsApp Image 2021-07-10 at 12.03.44 (2)\" \/><\/figure>\n<figure><img decoding=\"async\" src=\"http:\/\/undecim.com.co\/wp-content\/uploads\/2021\/07\/WhatsApp-Image-2021-07-10-at-12.03.44-e1625937626399-768x564.jpeg\" alt=\"WhatsApp Image 2021-07-10 at 12.03.44\" \/><\/figure>\n<figure><img decoding=\"async\" src=\"http:\/\/undecim.com.co\/wp-content\/uploads\/2021\/06\/Cosmetologia1-768x576.jpg\" alt=\"Cosmetologia1\" \/><\/figure>\n<p>\t\t\t\t\t\tPrevious<br \/>\n\t\t\t\t\t\tNext<\/p>\n<p>Cosmetolog\u00eda y est\u00e9tica is a place for the body and mind. The concept is to bring a wellness experience different from what you get in a SPA. All different services offered are tailored to meet patient`s expectations. Far from crowded places of their competitors, Cosmetolog\u00eda y Estetica de Luz Stella Garcia hides its treasure under her hands. <br \/>Thirty years of experience in the field, provide a unique understanding of what every person needs in different moments of life.<\/p>\n<p>Cosmetolog\u00eda y Est\u00e9tica de Luz Stella Garcia. Bogot\u00e1, Colombia<\/p>\n<h2>Meals<\/h2>\n<figure><img decoding=\"async\" src=\"http:\/\/undecim.com.co\/wp-content\/uploads\/2021\/07\/Screen-Shot-2021-07-10-at-11.19.41-AM-768x572.png\" alt=\"Screen Shot 2021-07-10 at 11.19.41 AM\" \/><\/figure>\n<figure><img decoding=\"async\" src=\"http:\/\/undecim.com.co\/wp-content\/uploads\/2021\/07\/Screen-Shot-2021-07-10-at-11.19.52-AM-768x576.png\" alt=\"Screen Shot 2021-07-10 at 11.19.52 AM\" \/><\/figure>\n<figure><img decoding=\"async\" src=\"http:\/\/undecim.com.co\/wp-content\/uploads\/2021\/07\/Screen-Shot-2021-07-10-at-11.20.07-AM-768x570.png\" alt=\"Screen Shot 2021-07-10 at 11.20.07 AM\" \/><\/figure>\n<figure><img decoding=\"async\" src=\"http:\/\/undecim.com.co\/wp-content\/uploads\/2021\/07\/Screen-Shot-2021-07-10-at-11.20.21-AM-768x573.png\" alt=\"Screen Shot 2021-07-10 at 11.20.21 AM\" \/><\/figure>\n<figure><img decoding=\"async\" src=\"http:\/\/undecim.com.co\/wp-content\/uploads\/2021\/07\/Screen-Shot-2021-07-10-at-11.20.40-AM-768x577.png\" alt=\"Screen Shot 2021-07-10 at 11.20.40 AM\" \/><\/figure>\n<figure><img decoding=\"async\" src=\"http:\/\/undecim.com.co\/wp-content\/uploads\/2021\/07\/Screen-Shot-2021-07-10-at-11.20.53-AM-768x580.png\" alt=\"Screen Shot 2021-07-10 at 11.20.53 AM\" \/><\/figure>\n<figure><img decoding=\"async\" src=\"http:\/\/undecim.com.co\/wp-content\/uploads\/2021\/07\/Screen-Shot-2021-07-10-at-11.21.18-AM-768x576.png\" alt=\"Screen Shot 2021-07-10 at 11.21.18 AM\" \/><\/figure>\n<figure><img decoding=\"async\" src=\"http:\/\/undecim.com.co\/wp-content\/uploads\/2021\/07\/Screen-Shot-2021-07-10-at-11.21.37-AM-768x583.png\" alt=\"Screen Shot 2021-07-10 at 11.21.37 AM\" \/><\/figure>\n<p>\t\t\t\t\t\tPrevious<br \/>\n\t\t\t\t\t\tNext<\/p>\n<p>One of the main problems a factory recurrently has is that workers get sick over time by the repetition of tasks. In Meals, that was one of the main problems to keep production going. The task analysis together with ergonomic studies allows to provide not only safe working environments but also allows to keeps a closer relationship with workers, understanding needs and thoughts, which in turn, become a better place to work.<\/p>\n<p>Meals de Colombia. Bogot\u00e1, Colombia<\/p>\n<h2>Armani Casa<\/h2>\n<figure><img decoding=\"async\" src=\"http:\/\/undecim.com.co\/wp-content\/uploads\/2021\/07\/Screen-Shot-2021-07-10-at-10.02.18-AM-768x535.png\" alt=\"Screen Shot 2021-07-10 at 10.02.18 AM\" \/><\/figure>\n<figure><img decoding=\"async\" src=\"http:\/\/undecim.com.co\/wp-content\/uploads\/2021\/07\/Screen-Shot-2021-07-10-at-9.48.54-AM-1-768x525.png\" alt=\"Screen Shot 2021-07-10 at 9.48.54 AM\" \/><\/figure>\n<figure><img decoding=\"async\" src=\"http:\/\/undecim.com.co\/wp-content\/uploads\/2021\/07\/Screen-Shot-2021-07-10-at-9.53.30-AM-1-768x508.png\" alt=\"Screen Shot 2021-07-10 at 9.53.30 AM\" \/><\/figure>\n<figure><img decoding=\"async\" src=\"http:\/\/undecim.com.co\/wp-content\/uploads\/2021\/07\/Screen-Shot-2021-07-10-at-9.49.17-AM-1-768x521.png\" alt=\"Screen Shot 2021-07-10 at 9.49.17 AM\" \/><\/figure>\n<figure><img decoding=\"async\" src=\"http:\/\/undecim.com.co\/wp-content\/uploads\/2021\/07\/Screen-Shot-2021-07-10-at-9.52.08-AM-1.png\" alt=\"Screen Shot 2021-07-10 at 9.52.08 AM\" \/><\/figure>\n<figure><img decoding=\"async\" src=\"http:\/\/undecim.com.co\/wp-content\/uploads\/2021\/07\/Screen-Shot-2021-07-10-at-9.49.45-AM-1-768x513.png\" alt=\"Screen Shot 2021-07-10 at 9.49.45 AM\" \/><\/figure>\n<figure><img decoding=\"async\" src=\"http:\/\/undecim.com.co\/wp-content\/uploads\/2021\/07\/Screen-Shot-2021-07-10-at-9.50.02-AM-1-768x533.png\" alt=\"Screen Shot 2021-07-10 at 9.50.02 AM\" \/><\/figure>\n<figure><img decoding=\"async\" src=\"http:\/\/undecim.com.co\/wp-content\/uploads\/2021\/07\/Screen-Shot-2021-07-10-at-9.51.17-AM-1.png\" alt=\"Screen Shot 2021-07-10 at 9.51.17 AM\" \/><\/figure>\n<figure><img decoding=\"async\" src=\"http:\/\/undecim.com.co\/wp-content\/uploads\/2021\/07\/Screen-Shot-2021-07-10-at-10.01.36-AM-768x529.png\" alt=\"Screen Shot 2021-07-10 at 10.01.36 AM\" \/><\/figure>\n<figure><img decoding=\"async\" src=\"http:\/\/undecim.com.co\/wp-content\/uploads\/2021\/07\/Screen-Shot-2021-07-10-at-10.02.35-AM-768x521.png\" alt=\"Screen Shot 2021-07-10 at 10.02.35 AM\" \/><\/figure>\n<p>\t\t\t\t\t\tPrevious<br \/>\n\t\t\t\t\t\tNext<\/p>\n<p>A collaboration with designer Marta Giardini, to produce a collection of objects for Armani Casa. The goal was to provide luxury and simplicity to daily objects. The collection was developed considering the role each material has in terms of expressivity and sensoriality. Each object is carefully developed considering size, proportions, and materials.<\/p>\n<p>Marta Giardini Studio. Mil\u00e1n, Italy<\/p>\n<h2>Al Cubo<\/h2>\n<figure><img decoding=\"async\" src=\"http:\/\/undecim.com.co\/wp-content\/uploads\/2021\/07\/Screen-Shot-2021-07-10-at-10.20.47-AM-768x484.png\" alt=\"Screen Shot 2021-07-10 at 10.20.47 AM\" \/><\/figure>\n<figure><img decoding=\"async\" src=\"http:\/\/undecim.com.co\/wp-content\/uploads\/2021\/07\/Screen-Shot-2021-07-10-at-10.21.07-AM-768x608.png\" alt=\"Screen Shot 2021-07-10 at 10.21.07 AM\" \/><\/figure>\n<figure><img decoding=\"async\" src=\"http:\/\/undecim.com.co\/wp-content\/uploads\/2021\/07\/Screen-Shot-2021-07-10-at-10.21.17-AM-768x612.png\" alt=\"Screen Shot 2021-07-10 at 10.21.17 AM\" \/><\/figure>\n<figure><img decoding=\"async\" src=\"http:\/\/undecim.com.co\/wp-content\/uploads\/2021\/07\/Screen-Shot-2021-07-10-at-10.21.42-AM.png\" alt=\"Screen Shot 2021-07-10 at 10.21.42 AM\" \/><\/figure>\n<figure><img decoding=\"async\" src=\"http:\/\/undecim.com.co\/wp-content\/uploads\/2021\/07\/Screen-Shot-2021-07-10-at-10.22.35-AM.png\" alt=\"Screen Shot 2021-07-10 at 10.22.35 AM\" \/><\/figure>\n<figure><img decoding=\"async\" src=\"http:\/\/undecim.com.co\/wp-content\/uploads\/2021\/07\/Screen-Shot-2021-07-10-at-10.24.30-AM.png\" alt=\"Screen Shot 2021-07-10 at 10.24.30 AM\" \/><\/figure>\n<figure><img decoding=\"async\" src=\"http:\/\/undecim.com.co\/wp-content\/uploads\/2021\/07\/Screen-Shot-2021-07-10-at-10.25.19-AM.png\" alt=\"Screen Shot 2021-07-10 at 10.25.19 AM\" \/><\/figure>\n<figure><img decoding=\"async\" src=\"http:\/\/undecim.com.co\/wp-content\/uploads\/2021\/07\/Screen-Shot-2021-07-10-at-10.29.54-AM-768x525.png\" alt=\"Screen Shot 2021-07-10 at 10.29.54 AM\" \/><\/figure>\n<figure><img decoding=\"async\" src=\"http:\/\/undecim.com.co\/wp-content\/uploads\/2021\/07\/Screen-Shot-2021-07-10-at-10.38.56-AM-768x534.png\" alt=\"Screen Shot 2021-07-10 at 10.38.56 AM\" \/><\/figure>\n<p>\t\t\t\t\t\tPrevious<br \/>\n\t\t\t\t\t\tNext<\/p>\n<p>A Chef&#8217;s dream is coming true. After spending 12 years around the world learning and knowing all different tastes from different cultures, Luis Guillermo Pulido and his wife have embarked on a trip to their success. Dinoma is proud to become their business friend developing a service concept called Al Cubo. Six different options for the day is the strategy we want to enhance to provide customers with a unique food experience. <\/p>\n<p>Al Cubo Restaurant. Bogot\u00e1, Colombia<\/p>\n<h2>Paleo<\/h2>\n<figure><img decoding=\"async\" src=\"http:\/\/undecim.com.co\/wp-content\/uploads\/2021\/07\/Screen-Shot-2021-07-10-at-9.38.30-AM-768x536.png\" alt=\"Screen Shot 2021-07-10 at 9.38.30 AM\" \/><\/figure>\n<figure><img decoding=\"async\" src=\"http:\/\/undecim.com.co\/wp-content\/uploads\/2021\/07\/Screen-Shot-2021-07-10-at-9.38.39-AM-768x536.png\" alt=\"Screen Shot 2021-07-10 at 9.38.39 AM\" \/><\/figure>\n<figure><img decoding=\"async\" src=\"http:\/\/undecim.com.co\/wp-content\/uploads\/2021\/07\/Screen-Shot-2021-07-10-at-9.38.50-AM-768x535.png\" alt=\"Screen Shot 2021-07-10 at 9.38.50 AM\" \/><\/figure>\n<figure><img decoding=\"async\" src=\"http:\/\/undecim.com.co\/wp-content\/uploads\/2021\/07\/Screen-Shot-2021-07-10-at-9.39.01-AM-768x537.png\" alt=\"Screen Shot 2021-07-10 at 9.39.01 AM\" \/><\/figure>\n<p>\t\t\t\t\t\tPrevious<br \/>\n\t\t\t\t\t\tNext<\/p>\n<p>Paleo is a community that defines their lifestyle trying to be like our hunter-gatherer ancestors. As nowadays is difficult to walk barefoot, it is important to understand the feet from a designer\u00b4s view. The task was to develop a complete guide for the development of Paleo&#8217;s footwear. The goal it will always be to have less shoe possible, but also understanding that cities are now constituted by artificial materials such as asphalt and bricks in which a barefoot can have difficulties to walk.<\/p>\n<p>Paleo Footwear, Danielle Lafaurie. Bogot\u00e1, Colombia.<\/p>\n<h2>MK-Gym<\/h2>\n<figure><img decoding=\"async\" src=\"http:\/\/undecim.com.co\/wp-content\/uploads\/2019\/10\/Gym-e1625935080145.jpg\" alt=\"MK GYM Design &amp; Development. Asunci\u00f3n, Paraguay.\" \/><\/figure>\n<figure><img decoding=\"async\" src=\"http:\/\/undecim.com.co\/wp-content\/uploads\/2021\/07\/Screen-Shot-2021-07-10-at-11.24.05-AM-e1625937755230.png\" alt=\"Screen Shot 2021-07-10 at 11.24.05 AM\" \/><\/figure>\n<figure><img decoding=\"async\" src=\"http:\/\/undecim.com.co\/wp-content\/uploads\/2021\/07\/Screen-Shot-2021-07-10-at-11.25.59-AM-768x726.png\" alt=\"Screen Shot 2021-07-10 at 11.25.59 AM\" \/><\/figure>\n<figure><img decoding=\"async\" src=\"http:\/\/undecim.com.co\/wp-content\/uploads\/2021\/07\/Screen-Shot-2021-07-10-at-11.27.07-AM-768x766.png\" alt=\"Screen Shot 2021-07-10 at 11.27.07 AM\" \/><\/figure>\n<p>\t\t\t\t\t\tPrevious<br \/>\n\t\t\t\t\t\tNext<\/p>\n<p>MK Gym is a project where body training is as important as mental training. The Gym combines the power of fitness with the strength of Yoga. The goal is to create a space where both philosophies live together. It is not intended to blend, but it is important to have both types of clients attend in harmony.<\/p>\n<p>MK Gym. Asunci\u00f3n, Paraguay<\/p>\n<h2>Clients &amp; Friends<\/h2>\n<p>\t\t\t\t\t\t\t\t\t\t\t\t\t<a href=\"http:\/\/materialsexperiencelab.com\/\" target=\"_blank\" rel=\"noopener\"><br \/>\n\t\t\t\t\t\t\t<img decoding=\"async\" width=\"300\" height=\"151\" src=\"http:\/\/undecim.com.co\/wp-content\/uploads\/2019\/10\/Logo-LSG-300x151.png\" alt=\"\" loading=\"lazy\" srcset=\"https:\/\/undecim.com.co\/wp-content\/uploads\/2019\/10\/Logo-LSG-300x151.png 300w, https:\/\/undecim.com.co\/wp-content\/uploads\/2019\/10\/Logo-LSG.png 394w\" sizes=\"auto, (max-width: 300px) 100vw, 300px\" \/>\t\t\t\t\t\t\t\t<\/a><br \/>\n\t\t\t\t\t\t\t\t\t\t\t\t\t<a href=\"https:\/\/www.lenslab.polimi.it\/\" target=\"_blank\" rel=\"noopener\"><br \/>\n\t\t\t\t\t\t\t<img decoding=\"async\" width=\"673\" height=\"334\" src=\"http:\/\/undecim.com.co\/wp-content\/uploads\/2019\/10\/logo-eboca.png\" alt=\"\" loading=\"lazy\" srcset=\"https:\/\/undecim.com.co\/wp-content\/uploads\/2019\/10\/logo-eboca.png 673w, https:\/\/undecim.com.co\/wp-content\/uploads\/2019\/10\/logo-eboca-300x149.png 300w\" sizes=\"auto, (max-width: 673px) 100vw, 673px\" \/>\t\t\t\t\t\t\t\t<\/a><br \/>\n\t\t\t\t\t\t\t\t\t\t\t\t\t<a href=\"https:\/\/imd-materialdesign.com\/\" target=\"_blank\" rel=\"noopener\"><br \/>\n\t\t\t\t\t\t\t<img decoding=\"async\" width=\"300\" height=\"291\" src=\"http:\/\/undecim.com.co\/wp-content\/uploads\/2019\/10\/Cammarata-G-300x291.png\" alt=\"\" loading=\"lazy\" srcset=\"https:\/\/undecim.com.co\/wp-content\/uploads\/2019\/10\/Cammarata-G-300x291.png 300w, https:\/\/undecim.com.co\/wp-content\/uploads\/2019\/10\/Cammarata-G.png 722w\" sizes=\"auto, (max-width: 300px) 100vw, 300px\" \/>\t\t\t\t\t\t\t\t<\/a><br \/>\n\t\t\t\t\t\t\t\t\t\t\t\t\t<a href=\"https:\/\/imd-materialdesign.com\/\" target=\"_blank\" rel=\"noopener\"><br \/>\n\t\t\t\t\t\t\t<img decoding=\"async\" width=\"300\" height=\"105\" src=\"http:\/\/undecim.com.co\/wp-content\/uploads\/2019\/10\/DONEGANI-LAUDA-300x105.png\" alt=\"\" loading=\"lazy\" srcset=\"https:\/\/undecim.com.co\/wp-content\/uploads\/2019\/10\/DONEGANI-LAUDA-300x105.png 300w, https:\/\/undecim.com.co\/wp-content\/uploads\/2019\/10\/DONEGANI-LAUDA.png 530w\" sizes=\"auto, (max-width: 300px) 100vw, 300px\" \/>\t\t\t\t\t\t\t\t<\/a><br \/>\n\t\t\t\t\t\t\t\t\t\t\t\t\t<a href=\"https:\/\/observatoriodevivienda.uniandes.edu.co\/\" target=\"_blank\" rel=\"noopener\"><br \/>\n\t\t\t\t\t\t\t<img decoding=\"async\" width=\"288\" height=\"176\" src=\"http:\/\/undecim.com.co\/wp-content\/uploads\/2021\/07\/Screen-Shot-2021-07-10-at-9.28.30-AM.png\" alt=\"\" loading=\"lazy\" \/>\t\t\t\t\t\t\t\t<\/a><br \/>\n\t\t\t\t\t\t\t\t\t\t\t\t\t<a href=\"https:\/\/www.lenslab.polimi.it\/\" target=\"_blank\" rel=\"noopener\"><br \/>\n\t\t\t\t\t\t\t<img decoding=\"async\" width=\"172\" height=\"157\" src=\"http:\/\/undecim.com.co\/wp-content\/uploads\/2019\/10\/Logo-ALCUBOcurvas.png\" alt=\"\" loading=\"lazy\" \/>\t\t\t\t\t\t\t\t<\/a><\/p>\n<h2>Contact<\/h2>\n<ul>\n<li>\n\t\t\t\t\t<a href=\"mailto:camilo.ayala@dinomagroup.com\"><br \/>\n\t\t\t\t\t\t\t\t\t\tcamilo.ayala@dinomagroup.com<br \/>\n\t\t\t\t\t\t\t\t\t\t\t<\/a>\n\t\t\t\t\t\t\t\t\t<\/li>\n<li>\n\t\t\t\t\t<a href=\"https:\/\/wa.link\/rjao2b\"><br \/>\n\t\t\t\t\t\t\t\t\t\t+57 (321) 451 5339<br \/>\n\t\t\t\t\t\t\t\t\t\t\t<\/a>\n\t\t\t\t\t\t\t\t\t<\/li>\n<li>\n\t\t\t\t\t\t\t\t\t\tCr 65 # 103-51 \/ Bogot\u00e1, Colombia\n\t\t\t\t\t\t\t\t\t<\/li>\n<\/ul>\n<h2>Social<\/h2>\n<p>\t\t\t\t\t<a href=\"https:\/\/www.linkedin.com\/company\/dinoma\" target=\"_blank\" rel=\"noopener\"><br \/>\n\t\t\t\t\t\tLinkedin<br \/>\n\t\t\t\t\t\t\t\t\t\t\t<\/a><br \/>\n\t\t\t\t\t<a href=\"https:\/\/www.researchgate.net\/profile\/Camilo-Ayala-Garcia\" target=\"_blank\" rel=\"noopener\"><br \/>\n\t\t\t\t\t\tResearchgate<br \/>\n\t\t\t\t\t\t\t\t\t\t\t<\/a><br \/>\n\t\t\t\t\t<a href=\"https:\/\/orcid.org\/0000-0001-6679-0605\" target=\"_blank\" rel=\"noopener\"><br \/>\n\t\t\t\t\t\tOrcid<br \/>\n\t\t\t\t\t\t\t\t\t\t\t<\/a><br \/>\n\t\t\t\t\t<a href=\"https:\/\/www.behance.net\/camiloayalag\" target=\"_blank\" rel=\"noopener\"><br \/>\n\t\t\t\t\t\tBehance<br \/>\n\t\t\t\t\t\t\t\t\t\t\t<\/a><\/p>\n","protected":false},"excerpt":{"rendered":"<p>Circular Design Advanced Product Design Design Consultancy Design Research Design Education About Design Consultancy Delivering Innovation and Novelty Operating with Methodical Approach Get in touch On this site, you will find different projects developed for specific needs and opportunities for clients who in turn became friends. Design Consultancy is an area where the project is&hellip; <a class=\"more-link\" href=\"https:\/\/dinomagroup.com\/index.php\/dinoma-home\/design-consultancy\/\">Continue reading <span class=\"screen-reader-text\">DINOMA-Design Consultancy<\/span><\/a><\/p>\n","protected":false},"author":2,"featured_media":0,"parent":2242,"menu_order":0,"comment_status":"closed","ping_status":"closed","template":"elementor_canvas","meta":{"om_disable_all_campaigns":false,"_monsterinsights_skip_tracking":false,"_monsterinsights_sitenote_active":false,"_monsterinsights_sitenote_note":"","_monsterinsights_sitenote_category":0,"footnotes":""},"class_list":["post-2761","page","type-page","status-publish","hentry","entry"],"aioseo_notices":[],"_links":{"self":[{"href":"https:\/\/dinomagroup.com\/index.php\/wp-json\/wp\/v2\/pages\/2761","targetHints":{"allow":["GET"]}}],"collection":[{"href":"https:\/\/dinomagroup.com\/index.php\/wp-json\/wp\/v2\/pages"}],"about":[{"href":"https:\/\/dinomagroup.com\/index.php\/wp-json\/wp\/v2\/types\/page"}],"author":[{"embeddable":true,"href":"https:\/\/dinomagroup.com\/index.php\/wp-json\/wp\/v2\/users\/2"}],"replies":[{"embeddable":true,"href":"https:\/\/dinomagroup.com\/index.php\/wp-json\/wp\/v2\/comments?post=2761"}],"version-history":[{"count":0,"href":"https:\/\/dinomagroup.com\/index.php\/wp-json\/wp\/v2\/pages\/2761\/revisions"}],"up":[{"embeddable":true,"href":"https:\/\/dinomagroup.com\/index.php\/wp-json\/wp\/v2\/pages\/2242"}],"wp:attachment":[{"href":"https:\/\/dinomagroup.com\/index.php\/wp-json\/wp\/v2\/media?parent=2761"}],"curies":[{"name":"wp","href":"https:\/\/api.w.org\/{rel}","templated":true}]}}